base 4) to base 13
6c82
5475 (base 8) to base 13
1404
-11404 (base 9) to base 13
-3610
Convert -43b (base 15) to base 12.
-678
Convert -692 (base 12) to base 2.
-1111001110
Convert -2015 (base 8) to base 12.
-725
-233130 (base 4) to base 11
-2310
What is -3a8 (base 14) in base 12?
-514
121 (base 11) to base 14
a4
Convert 14120 (base 10) to base 15.
42b5
20 (base 8) to base 6
24
Convert 82004 (base 10) to base 2.
10100000001010100
What is -338 (base 11) in base 15?
-1be
What is 364 (base 12) in base 6?
2204
-11826 (base 10) to base 13
-54c9
-2ac (base 14) to base 16
-220
Convert 8699 (base 15) to base 4.
12331032
Convert -1e98 (base 15) to base 7.
-25304
10011000000000 (base 2) to base 3
111100022
Convert -1213225 (base 6) to base 5.
-4023431
What is -1a5a (base 15) in base 7?
-22435
-286 (base 11) to base 14
-1a0
Convert -42e6 (base 15) to base 12.
-8246
What is -39728 (base 12) in base 7?
-445511
10100101101 (base 2) to base 3
1211002
Convert -6636 (base 10) to base 7.
-25230
-275 (base 12) to base 16
-179
What is -414100 (base 5) in base 9?
-20646
-293 (base 16) to base 5
-10114
-3078 (base 9) to base 7
-6404
3904 (base 13) to base 6
101324
Convert -102303 (base 6) to base 4.
-2001333
-1416 (base 7) to base 4
-20220
2f (base 16) to base 15
32
Convert -7f08 (base 16) to base 6.
-410320
110110 (base 2) to base 7
105
What is -258b (base 12) in base 16?
-10bb
-50626 (base 7) to base 12
-7167
221 (base 6) to base 14
61
-10000011010001011 (base 2) to base 6
-1235055
What is 402 (base 9) in base 8?
506
What is 20523 (base 8) in base 3?
102200222
442303 (base 5) to base 16
3be0
Convert -638 (base 12) to base 4.
-32030
-aa0 (base 13) to base 11
-1405
Convert 84 (base 13) to base 12.
90
What is -314 (base 14) in base 6?
-2450
86014 (base 9) to base 3
2220000111
Convert -2122111 (base 3) to base 11.
-14a5
Convert -3156 (base 8) to base 13.
-998
-33a (base 11) to base 9
-501
What is -533 (base 14) in base 13?
-60b
What is -1208 (base 11) in base 9?
-2146
What is 1001011100010 (base 2) in base 6?
34214
Convert 1812 (base 11) to base 15.
a42
Convert 4303 (base 5) to base 16.
242
What is 1340 (base 8) in base 9?
1007
What is -113330 (base 4) in base 5?
-22112
What is 100 (base 15) in base 3?
22100
-71 (base 16) to base 6
-305
72c (base 16) to base 9
2460
What is 2046 (base 8) in base 14?
55c
What is 1301 (base 8) in base 14?
385
Convert -110010001 (base 2) to base 4.
-12101
Convert 3310120 (base 4) to base 2.
11110100011000
Convert a3 (base 15) to base 3.
12200
-28 (base 15) to base 11
-35
-2a22 (base 12) to base 9
-6668
282 (base 13) to base 5
3234
What is -10123 (base 5) in base 7?
-1635
Convert 22102 (base 3) to base 4.
3203
Convert -1203133 (base 4) to base 9.
-8654
What is -101002 (base 4) in base 13?
-65b
Convert 140 (base 13) to base 3.
22012
Convert -1022221021 (base 3) to base 4.
-12121111
Convert 312411 (base 6) to base 10.
25207
What is 167 (base 15) in base 14?
190
Convert 356 (base 11) to base 8.
650
What is 4344 (base 6) in base 10?
1000
What is -712 (base 10) in base 5?
-10322
Convert -100001000 (base 2) to base 11.
-220
22153 (base 6) to base 10
3093
-2120 (base 12) to base 16
-e28
What is -4b89 (base 12) in base 15?
-2836
What is -34025 (base 6) in base 14?
-1a49
Convert 10201102 (base 3) to base 5.
41321
Convert -4552 (base 7) to base 11.
-1274
What is 1264 (base 12) in base 14?
a96
What is 17b (base 15) in base 5?
2331
93a2 (base 12) to base 4
3323222
Convert -1011100 (base 2) to base 9.
-112
What is 5216 (base 7) in base 2?
11100100010
16b0 (base 12) to base 7
10641
Convert -120223 (base 4) to base 3.
-2011111
What is 3919 (base 13) in base 15?
2624
What is 752a (base 13) in base 7?
65256
Convert -13331 (base 4) to base 5.
-4014
What is f0 (base 16) in base 12?
180
22f2 (base 16) to base 8
21362
What is 3dc (base 14) in base 12?
552
Convert -110100011 (base 2) to base 7.
-1136
What is 2002 (base 7) in base 13?
40c
Convert 10101100000 (base 2) to base 11.
1041
-3205 (base 11) to base 14
-178c
What is -5663 (base 7) in base 11?
-15a8
12464 (base 9) to base 13
3a93
What is -23 (base 12) in base 15?
-1c
Convert -10011022121 (base 3) to base 15.
-13667
Convert -17207 (base 9) to base 2.
-10111000111001
What is 48004 (base 11) in base 4?
100321200
132 (base 11) to base 4
2130
What is 26a5 (base 11) in base 14?
13c3
What is -654 (base 9) in base 8?
-1027
What is -257 (base 15) in base 2?
-1000010100
Convert -422024 (base 6) to base 16.
-8560
Convert -6f41 (base 16) to base 9.
-43055
Convert 100100100001 (base 2) to base 3.
10012120
2321203 (base 4) to base 11
8a16
-10231 (base 4) to base 9
-364
11303 (base 6) to base 3
2020010
-fa (base 16) to base 12
-18a
Convert -43405 (base 7) to base 4.
-2221102
Convert -56203 (base 8) to base 14.
-88b9
72 (base 12) to base 5
321
-b39a (base 12) to base 7
-111010
Convert -1111001200 (base 3) to base 9.
-44050
What is 1466 (base 7) in base 6?
2415
Convert -111343 (base 5) to base 4.
-332011
What is -14425 (base 6) in base 12?
-1415
What is 33333 (base 4) in base 10?
1023
What is 11310203 (base 4) in base 15?
70e8
Convert 232001 (base 4) to base 10.
2945
Convert -25959 (base 11) to base 14.
-d734
Convert -3569 (base 13) to base 6.
-54455
What is 26663 (base 7) in base 5?
212244
210 (base 7) to base 14
77
111a (base 15) to base 3
11222021
Convert -100010022 (base 3) to base 6.
-50442
Convert 10744 (base 8) to base 10.
4580
Convert 20010 (base 3) to base 11.
140
Convert -21223 (base 4) to base 5.
-4434
Convert -35874 (base 10) to base 11.
-24a53
What is -4318 (base 11) in base 9?
-7740
-1010143 (base 5) to base 15
-4c68
What is 36407 (base 9) in base 16?
5f44
bbb6 (base 13) to base 14
9779
What is 1002 (base 11) in base 4?
110311
What is -33342 (base 6) in base 14?
-19b8
1434 (base 10) to base 12
9b6
1057 (base 12) to base 15
7ea
What is -320 (base 5) in base 9?
-104
19236 (base 10) to base 12
b170
320302 (base 5) to base 6
121314
What is 2b6 (base 16) in base 9?
851
Convert -1022021 (base 3) to base 2.
-1110111000
What is -303 (base 4) in base 9?
-56
What is 7b7b (base 14) in base 3?
1002110022
What is 7c27 (base 13) in base 14?
64da
What is c9 (base 14) in base 15?
bc
What is -10310 (base 4) in base 12?
-218
Convert 222075 (base 8) to base 14.
1d39b
What is 422 (base 11) in base 5?
4013
16477 (base 8) to base 16
1d3f
Convert 17625 (base 9) to base 2.
10111110001101
Convert -48351 (base 9) to base 5.
-2013430
Convert 4a8 (base 13) to base 3.
1010011
Convert 10423 (base 5) to base 10.
738
Convert 1141 (base 7) to base 11.
353
What is -26b4 (base 13) in base 4?
-1112303
66 (base 16) to base 4
1212
-240223 (base 6) to base 12
-10073
-10000111110 (base 2) to base 7
-3111
What is 13405 (base 15) in base 5?
3433110
What is -dc3 (base 14) in base 7?
-10633
10631 (base 7) to base 12
16a5
108 (base 10) to base 14
7a
Convert 1012 (base 4) to base 13.
55
What is -2704 (base 9) in base 3?
-2210011
2506 (base 8) to base 12
946
What is 57743 (base 10) in base 2?
1110000110001111
What is -42102 (base 5) in base 10?
-2777
-34200 (base 9) to base 15
-6b26
What is -1122120002 (base 3) in base 11?
-22450
1413 (base 5) to base 12
175
What is -155b (base 16) in base 7?
-21640
What is a6a3 (base 11) in base 9?
21361
1555 (base 6) to base 7
1154
What is -6a19 (base 11) in base 14?
-3504
-67 (base 14) to base 5
-331
What is -41312 (base 7) in base 5?
-310403
Convert 633 (base 11) to base 8.
1372
What is 3a4 (base 14) in base 7?
2064
What is -4266 (base 7) in base 11?
-1160
Convert -273 (base 9) to base 7.
-444
What is -110000 (base 3) in base 15?
-169
What is -441 (base 9) in base 13?
-21a
What is 153013 (base 6) in base 12?
8769
What is 1820 (base 11) in base 9?
3158
What is c20 (base 16) in base 7?
12023
Convert -422333 (base 5) to base 4.
-3130031
What is 43664 (base 7) in base 3?
120001102
What is -367 (base 10) in base 2?
-101101111
-2a18 (base 11) to base 8
-7463
Convert -53321 (base 8) to base 11.
-15775
Convert 969 (base 14) to base 8.
3501
Convert -8f (base 16) to base 15.
-98
3123 (base 5) to base 11
346
Convert 36360 (base 7) to base 8.
22352
Convert 1324 (base 11) to base 14.
8ac
2044 (base 7) to base 4
23032
-630 (base 10) to base 9
-770
-12a46 (base 11) to base 7
-105056
Convert -247 (base 10) to base 13.
-160
Wha